{"id":539,"date":"2016-05-27T14:31:46","date_gmt":"2016-05-27T14:31:46","guid":{"rendered":"http:\/\/blog.loestije-donswieler.de\/?page_id=539"},"modified":"2024-04-29T22:02:40","modified_gmt":"2024-04-29T22:02:40","slug":"die-letzten-jahre","status":"publish","type":"page","link":"http:\/\/blog.loestije-donswieler.de\/?page_id=539","title":{"rendered":"Die letzten Jahre"},"content":{"rendered":"<p>Chronik der \u201eL\u00f6stijen Donswieler\u201c &#8211; Teil 3<\/p>\n<p>Mittlerweile hatten viele neue Mitglieder den Weg zur KG gefunden, was zur Folge hatte, dass sich der Verein enorm verj\u00fcngte. Endlich bekamen die \u201e\u00e4lteren Herren\u201c Verst\u00e4rkung, so dass die neuen, j\u00fcngeren Mitglieder heute die St\u00fctze beim Hallenaufbau und anderen Veranstaltungen im Verein sind. Mit den neuen, j\u00fcngeren Damen konnte endlich das umgesetzt werden, was die Damen Marlene Lorscheidt, Doris Schiller und Christel Nelles schon immer geplant hatten. Endlich ein Programm f\u00fcr die Sessionser\u00f6ffnung mit eigenen Kr\u00e4ften zu gestalten.<\/p>\n<p>An einem sonnigen Maitag wurden die Programmpunkte bei Kaffe, Kuchen und Sekt ausgesucht und von da an hie\u00df es \u00fcben \u2013 \u00fcben \u2013 \u00fcben. Aber nicht nur die Damen hatten nun ihren Spa\u00df daran gefunden, sondern auch die ersten Herren. Bernd Engels unser neues Mitglied trat als \u201eHorst Schl\u00e4mmer\u201c und Willy Lorscheidt als 1. Vorsitzender, trat mit dem Gesangsbeitrag \u201eEin Stern&#8230;\u201c auf. Einige Flaschen Sekt sind bei den Proben geschluckt worden, denn fast allen hatte es eine \u00dcberwindung gekostet, sich entsprechend zu outen.<\/p>\n<p>Als dann die Generalprobe stattfand, wobei dann auch alle Partner eingeladen waren, war der Spa\u00df riesengro\u00df und es wurde daraus ein langer, langer, sch\u00f6ner Abend. Mit dem Erfolg bei dieser Sessionser\u00f6ffnung hatte keiner so richtig gerechnet. In einem sehr gut besuchten Vereinslokal-Saal konnten die Darsteller das Publikum so begeistern, dass sogar der befreundete MGV die Programmnummern f\u00fcr seine vereinsinterne MGV-Sitzung haben wollte. Nach anf\u00e4nglicher Skepsis sagten wir dem MGV zu und damit wurde eine jahrelange, positive Zusammenarbeit fortgesetzt.<\/p>\n<p>Nat\u00fcrlich blieb es bei der 1. Sessionser\u00f6ffnung mit eigenen Kr\u00e4ften nicht. Gleich nach Karneval wurde wieder geplant. Etliche neue Gesichter kamen hinzu und viele \u00dcbungsnachmittage fanden nat\u00fcrlich wieder in geselliger Runde statt.<\/p>\n<p>Am 14.11.2008 fieberte man dann wieder der Sessionser\u00f6ffnung entgegen. Das Lampenfieber war noch genauso wie im vorigen Jahr, jedoch die Auftritte \u00fcbertrafen unsere eigenen Erwartungen. Beteiligte und G\u00e4ste wurden von einem tollen kleinen B\u00fchnenbild im Saale Ruland\u2019s Zehnhof \u00fcberrascht. Rainer hatte sich wieder was einfallen lassen!<\/p>\n<p>Der voll besetzte Saal war total begeistert von der Kulisse und den Darbietungen und wieder folgten div. Auftritte bei befreundeten Vereinen. Damit hat sich diese neue Institution gefestigt und wird in diesem Jahr, bei der Sessionser\u00f6ffnung mit Gr\u00fcndungsfeier, am 31.10.2009 fortgesetzt.<\/p>\n<p>Erfreulich ist, dass wir f\u00fcr die n\u00e4chste Session 2009\/2010 ein Dreigestirn pr\u00e4sentieren k\u00f6nnen. Sie haben sich im Rahmen eines Fr\u00fchlingsfestes der Dansweiler \u00d6ffentlichkeit vorgestellt. Mit Spiel und Spa\u00df f\u00fcr \u201eGro\u00df und Klein\u201c ,so wie etlichen Darbietungen war es ein gelungenes Fest.<\/p>\n<p>Getreu dem Wahlspruch: \u201eMach d\u2019r Freud\u2019 sulang et jeiht; denn et Levve doht kein Iwigkeit\u201c werden sich Mitglieder und der Vorstand weiterhin mit gro\u00dfer Bereitschaft und Einsatzwillen verpflichten, ihrem Publikum viel Frohsinn und Stunden der Entspannung vom t\u00e4glichen Allerlei zu bringen.<\/p>\n<p>Feiern Sie mit den \u201eL\u00f6stijen\u201c das 25j\u00e4hrige Bestehen bei allen Veranstaltungen in der Session 2009\/2010. Die Gesellschaft verspricht nicht nur eine tolle Proklamationssitzung am 14.11.2009, sondern auch der Kost\u00fcm-Sitzungsball am 23.01.2010 und die Kinderkarnevalsfete k\u00f6nnen f\u00fcr Sie ein Erlebnis werden.<\/p>\n<p>Ein agiles und humorvolles Dreigestirn der Session 2009\/2010 m\u00f6chte Sie begeistern, deshalb g\u00f6nnen Sie sich bei allen Veranstaltungen ein paar gesellige Stunden im Kreise der Karnevalsgesellschaft \u201eL\u00f6stije Donswieler\u201c!<\/p>\n<p>Wenn wir Ihr Interesse mit diesem kurzen Einblick geweckt haben, das Brauchtum Karneval oder auch Geselligkeit zu pflegen, dann w\u00fcrden wir uns \u00fcber einen Besuch auf unseren Veranstaltungen freuen.<\/p>\n\n\n<hr class=\"wp-block-separator has-alpha-channel-opacity\"\/>\n\n\n\n<p class=\"has-medium-gray-color has-text-color has-link-color wp-elements-5040ed5b26983c31fc1ee1c36141973a\">Text: Marlene Lorscheidt<\/p>\n","protected":false},"excerpt":{"rendered":"<p>Chronik der \u201eL\u00f6stijen Donswieler\u201c &#8211; Teil 3 Mittlerweile hatten viele neue Mitglieder den Weg zur KG gefunden, was zur Folge hatte, dass sich der Verein enorm verj\u00fcngte. Endlich bekamen die \u201e\u00e4lteren Herren\u201c Verst\u00e4rkung, so dass die neuen, j\u00fcngeren Mitglieder heute <a class=\"more-link\" href=\"http:\/\/blog.loestije-donswieler.de\/?page_id=539\"><span class=\"screen-reader-text\">  Die letzten Jahre<\/span> weiterlesen<span class=\"meta-nav\">&rarr;<\/span><\/a><\/p>\n","protected":false},"author":1,"featured_media":0,"parent":0,"menu_order":0,"comment_status":"closed","ping_status":"closed","template":"","meta":{"footnotes":""},"jetpack_sharing_enabled":true,"_links":{"self":[{"href":"http:\/\/blog.loestije-donswieler.de\/index.php?rest_route=\/wp\/v2\/pages\/539"}],"collection":[{"href":"http:\/\/blog.loestije-donswieler.de\/index.php?rest_route=\/wp\/v2\/pages"}],"about":[{"href":"http:\/\/blog.loestije-donswieler.de\/index.php?rest_route=\/wp\/v2\/types\/page"}],"author":[{"embeddable":true,"href":"http:\/\/blog.loestije-donswieler.de\/index.php?rest_route=\/wp\/v2\/users\/1"}],"replies":[{"embeddable":true,"href":"http:\/\/blog.loestije-donswieler.de\/index.php?rest_route=%2Fwp%2Fv2%2Fcomments&post=539"}],"version-history":[{"count":3,"href":"http:\/\/blog.loestije-donswieler.de\/index.php?rest_route=\/wp\/v2\/pages\/539\/revisions"}],"predecessor-version":[{"id":1150,"href":"http:\/\/blog.loestije-donswieler.de\/index.php?rest_route=\/wp\/v2\/pages\/539\/revisions\/1150"}],"wp:attachment":[{"href":"http:\/\/blog.loestije-donswieler.de\/index.php?rest_route=%2Fwp%2Fv2%2Fmedia&parent=539"}],"curies":[{"name":"wp","href":"https:\/\/api.w.org\/{rel}","templated":true}]}}