{"id":537,"date":"2016-05-27T14:31:25","date_gmt":"2016-05-27T14:31:25","guid":{"rendered":"http:\/\/blog.loestije-donswieler.de\/?page_id=537"},"modified":"2024-04-29T22:03:55","modified_gmt":"2024-04-29T22:03:55","slug":"so-ging-es-weiter","status":"publish","type":"page","link":"http:\/\/blog.loestije-donswieler.de\/?page_id=537","title":{"rendered":"So ging es weiter"},"content":{"rendered":"<p>Chronik der \u201eL\u00f6stijen Donswieler\u201c &#8211; Teil 2<\/p>\n<p>In der Session 1996\/1997 gab es erstmalig bei den \u201eL\u00f6stijen\u201c kein Dreigestirn. Dem Nachwuchs sollte auch eine Chance gegeben werden und so kam es, dass ein Geschwisterpaar als \u201ePrinz und Prinzessin\u201c die Dansweiler Jecken durch ihren Anmut und Fr\u00f6hlichkeit begeisterten. Danach fand leider ein Abriss bei den \u201eL\u00f6stijen\u201c in Sachen Tollit\u00e4ten statt. Die allgemein wirtschaftlich schlechte Lage sowie Arbeitslosigkeit zeichnete sich im Jahre 1997 bereits ab und in Folge dessen fiel es den meisten schwer, trotz Begeisterung f\u00fcr den Karneval und der Unterst\u00fctzung durch die Gesellschaft, sich diesem Amt zur Verf\u00fcgung zu stellen.<\/p>\n<p>Schon in der Session 1994\/1995 stellte man fest, dass der Karneval mit steigenden Kosten, sprunghaft erh\u00f6hten Gagen und einer wachsenden Zahl von Vorschriften zu k\u00e4mpfen hat. Deshalb geh\u00f6rt viel Enthusiasmus dazu, sich den Widrigkeiten immer wieder neu zu stellen. Der Chronist, auch Programmgestalter bedauert es sehr, dass die Forderungen der auftretenden K\u00fcnstler f\u00fcr kleinere Vereine kaum noch zu finanzieren sind. F\u00fcr eine bekannte Gesangsgruppe oder einen Redner, bekannt aus Funk- und Fernsehen sind die Gagen in den letzten Jahren rapide gestiegen. Da unsere Halle nur f\u00fcr 345 Pl\u00e4tze konzipiert ist, ist es unm\u00f6glich geworden diesem enormen Kostendruck standzuhalten. Es sei denn, die Eintrittspreise w\u00fcrden bzw. m\u00fcssten wir auf K\u00f6lner Niveau anheben; wobei dann noch immer keine Kostendeckung vorhanden w\u00e4re.<\/p>\n<p>Deshalb beschloss der Vorstand, einen Sitzungsabend anders zu gestalten. Nach vielen Diskussionen und \u201ewenn und aber\u201c verst\u00e4ndigten wir uns darauf, im neuen Jahrtausend einen Kost\u00fcm-Sitzungsball durchzuf\u00fchren. Das neue Konzept gab den \u201eL\u00f6stijen\u201c recht. In einer gem\u00fctlichen Atmosph\u00e4re und nat\u00fcrlich gepflegten Getr\u00e4nken zu zivilen Preisen, kann man einen unvergesslichen Abend verbringen.<\/p>\n<p>Die Kinder-Karnevalsfete am Sonntag nach dem Kost\u00fcm-Sitzungsball erfreut sich schon seit Bestehen gro\u00dfer Beliebtheit. Dansweiler Kinder aus Kindergarten und Grundschule sind begeistert dabei und es macht \u201eGro\u00df und Klein\u201c sehr viel Spa\u00df den Vortr\u00e4gen zuzuh\u00f6ren.<\/p>\n<p>Von Beginn an geh\u00f6ren die \u201eL\u00f6stijen\u201c zu den treibenden Kr\u00e4ften des n\u00e4rrischen Geschehens in Dansweiler. Der amtierende Vorstand hat sich auch f\u00fcr die n\u00e4chsten Jahre zum Ziel gesetzt, das Brauchtum zu pflegen, Traditionen zu bewahren, Neuem aufgeschlossen gegen\u00fcber zu stehen,<br \/>den Kontakt zwischen Alt und Neub\u00fcrgern in Gang zu setzen und die Jugendarbeit zu f\u00f6rdern. So wie es bei der konstituierenden Sitzung 1984 mit den Gr\u00fcndern beschlossen wurde. Zu den Gr\u00fcndern und noch amtierenden Vorstandsmitgliedern geh\u00f6ren Willy Lorscheidt, seine Frau Marlene, Rainer Schiller und Diethard Fey.<\/p>\n<p>Im Veranstaltungskalender innerhalb der f\u00fcnften Jahreszeit sind nicht nur der Kost\u00fcm-Sitzungsball und die Kinder-Karnevalsfete, die Beteiligung am Karnevalszug, mit Wagen und seit vielen Jahren mit einer Fu\u00dfgruppe \u2013 aus Jugend und Kinder -, sondern auch die von der Gesellschaft ins Leben gerufene Veranstaltung \u201eEr\u00f6ffnung des Stra\u00dfenkarnevals an Weiberfastnacht auf dem Lindenplatz\u201c. Mit gro\u00dfem Engagement, ob Regen, Schnee oder K\u00e4lte sind alle H\u00e4nde bem\u00fcht den \u201eJecken\u201c eine fr\u00f6hliche und angenehme Atmosph\u00e4re zu schaffen. Ein besonderer Dank gilt hier an unsere vielen jungen Mitglieder, deren Aktivit\u00e4ten in allen Bereichen lobenswert sind<br \/>.<br \/>Die \u201eL\u00f6stijen Donswieler\u201c sind seit der Gr\u00fcndung nicht nur ein \u201eM\u00e4nnerverein\u201c. Von Anfang an war man einer Damenmitgliedschaft sehr aufgeschlossen. Daher verstand es sich von selbst, dass sich die Damen ein pr\u00e4chtiges Vereinskost\u00fcm zulegten. In den Vereinsfarben rot-wei\u00df-schwarz. Mit dem \u201eMusketier-Kost\u00fcm\u201c sind sie eine optische Bereicherung bei allen Anl\u00e4ssen.<\/p>\n<p>Seit 1985 sind die Damen aus dem Vereinsleben nicht mehr wegzudenken. Mit ihrem Engagement haben sie schon viele Akzente im Verein gesetzt. Tatkr\u00e4ftig wirken sie vor allen Dingen bei unseren Veranstaltungen mit.<\/p>\n<p>Die Session 2005\/2006 nahm die KG zum Anlass 2 x 11 Jahre zu feiern. Bei einem z\u00fcnftigen Fr\u00fchschoppen im Vereinslokal mit Ehrungen u. karnevalistischen Einlagen, wobei auch das leibliche Wohl nicht zu kurz kam, hatten alle ihren Spa\u00df und feierten bis in den fr\u00fchen Abend. Mit einer Bildergalerie von den Anf\u00e4ngen der KG 1984 bis 2005 hatte Marlene Lorscheidt eine tolle Zusammenstellung geschaffen. Wobei beim Betrachten der alten Fotos etliche Mitglieder ins Schw\u00e4rmen gerieten und bei vielen auch die Lachmuskeln nicht zu kurz kamen. 22 Jahre sind ja auch eine lange Zeit!<\/p>\n<p>Nach dieser Session kam wieder ein neuer Schwung in die KG. Der Hauptveranstaltung \u201eKost\u00fcm-Sitzungsball\u201c wollte man endlich ein neues Gesicht geben; denn die B\u00fchnenbilder bzw. die Dekorationen waren langsam in die Jahre gekommen und so beschloss man sie zu ersetzen. Aber es sollte etwas Besonderes sein. Gr\u00fcndungsmitglied Rainer Schiller hatte eine tolle Idee \u2013 K\u00f6ln bei Nacht -. Diese wurde dann auch mit gro\u00dfer Begeisterung angenommen. Rainer organisierte das neue B\u00fchnenbild, welches dann mit gro\u00dfem Erstaunen beim n\u00e4chsten KoSi &#8211; Ball bejubelt wurde.<\/p>\n\n\n<hr class=\"wp-block-separator has-alpha-channel-opacity\"\/>\n\n\n\n<p class=\"has-medium-gray-color has-text-color has-link-color wp-elements-5040ed5b26983c31fc1ee1c36141973a\">Text: Marlene Lorscheidt<\/p>\n","protected":false},"excerpt":{"rendered":"<p>Chronik der \u201eL\u00f6stijen Donswieler\u201c &#8211; Teil 2 In der Session 1996\/1997 gab es erstmalig bei den \u201eL\u00f6stijen\u201c kein Dreigestirn. Dem Nachwuchs sollte auch eine Chance gegeben werden und so kam es, dass ein Geschwisterpaar als \u201ePrinz und Prinzessin\u201c die Dansweiler <a class=\"more-link\" href=\"http:\/\/blog.loestije-donswieler.de\/?page_id=537\"><span class=\"screen-reader-text\">  So ging es weiter<\/span> weiterlesen<span class=\"meta-nav\">&rarr;<\/span><\/a><\/p>\n","protected":false},"author":1,"featured_media":0,"parent":0,"menu_order":0,"comment_status":"closed","ping_status":"closed","template":"","meta":{"footnotes":""},"jetpack_sharing_enabled":true,"_links":{"self":[{"href":"http:\/\/blog.loestije-donswieler.de\/index.php?rest_route=\/wp\/v2\/pages\/537"}],"collection":[{"href":"http:\/\/blog.loestije-donswieler.de\/index.php?rest_route=\/wp\/v2\/pages"}],"about":[{"href":"http:\/\/blog.loestije-donswieler.de\/index.php?rest_route=\/wp\/v2\/types\/page"}],"author":[{"embeddable":true,"href":"http:\/\/blog.loestije-donswieler.de\/index.php?rest_route=\/wp\/v2\/users\/1"}],"replies":[{"embeddable":true,"href":"http:\/\/blog.loestije-donswieler.de\/index.php?rest_route=%2Fwp%2Fv2%2Fcomments&post=537"}],"version-history":[{"count":2,"href":"http:\/\/blog.loestije-donswieler.de\/index.php?rest_route=\/wp\/v2\/pages\/537\/revisions"}],"predecessor-version":[{"id":1151,"href":"http:\/\/blog.loestije-donswieler.de\/index.php?rest_route=\/wp\/v2\/pages\/537\/revisions\/1151"}],"wp:attachment":[{"href":"http:\/\/blog.loestije-donswieler.de\/index.php?rest_route=%2Fwp%2Fv2%2Fmedia&parent=537"}],"curies":[{"name":"wp","href":"https:\/\/api.w.org\/{rel}","templated":true}]}}