{"id":138,"date":"2016-05-10T11:22:29","date_gmt":"2016-05-10T11:22:29","guid":{"rendered":"http:\/\/blog.loestije-donswieler.de\/?page_id=138"},"modified":"2024-04-29T22:06:11","modified_gmt":"2024-04-29T22:06:11","slug":"vereinslied","status":"publish","type":"page","link":"http:\/\/blog.loestije-donswieler.de\/?page_id=138","title":{"rendered":"Vereinslied"},"content":{"rendered":"<p><span class=\"C-4\">Et jitt noch L\u00fcck die wesse net,<br \/>\n<\/span><span class=\"C-4\">dat man och laache kann,<br \/>\n<\/span><span class=\"C-4\">die Minsche sin dat saach ich deer,<br \/>\n<\/span><span class=\"C-4\">doch janz bestemmp \u00e4rm dran;<br \/>\n<\/span><span class=\"C-4\">un wenn se alt un waggelisch sin,<br \/>\n<\/span><span class=\"C-4\">dann es et mehschtens zo sp\u00e4t,<br \/>\n<\/span><span class=\"C-4\">dr\u00f6m fange mer och vill fr\u00f6her an<br \/>\n<\/span><span class=\"C-4\">un wesse dann wie mer et m\u00e4t.<\/span><\/p>\n<p class=\"Normal P-3\"><span class=\"C-4\">Refrain:<br \/>\n<\/span><span class=\"C-4\">Jo mer sin die L\u00f6stije, l\u00f6stije Donswieler,<br \/>\n<\/span><span class=\"C-4\">mer l\u00e4\u00e4ve f\u00f6r de Fasteleer, f\u00f6r de Fasteleer.<\/span><\/p>\n<p class=\"Normal P-3\"><span class=\"C-4\">Am 11.11. jeit et lo\u00df,<br \/>\n<\/span><span class=\"C-4\">mit Schwungk in die Session,<br \/>\n<\/span><span class=\"C-4\">do triff sich alles op d\u2019r Stro\u00df,<br \/>\n<\/span><span class=\"C-4\">d\u00e4 Saal, d\u00e4 f\u00f6llt sich schon.<br \/>\n<\/span><span class=\"C-4\">Jedanz, jeb\u00fctz un vill jelaach,<br \/>\n<\/span><span class=\"C-4\">die Stimmung es wahnsinnig jot,<br \/>\n<\/span><span class=\"C-4\">vun uns weed Weihnachten durchjemaat,<br \/>\n<\/span><span class=\"C-4\">mer han Fastelovend em Blot.<\/span><\/p>\n<p class=\"Normal P-3\"><span class=\"C-4\">Refrain:<br \/>\nJo mer sin die L\u00f6stije, l\u00f6stije&#8230;&#8230;<\/span><\/p>\n<p class=\"Normal P-3\"><span class=\"C-4\">Am \u00c4schermettwoch \u2013 leider Schlu\u00df,<br \/>\n<\/span><span class=\"C-4\">die Zick wor vill zo koot,<br \/>\n<\/span><span class=\"C-4\">et k\u00fctt su wie et kumme mu\u00df,<br \/>\n<\/span><span class=\"C-4\">doch enes m\u00e4t uns Mot,<br \/>\n<\/span><span class=\"C-4\">em n\u00e4chste Johr dat selve Spill,<br \/>\n<\/span><span class=\"C-4\">dann setze mer all he em Saal,<br \/>\n<\/span><span class=\"C-4\">dann b\u00fctze und laache mer widder vill<br \/>\n<\/span><span class=\"C-4\">beim Donswieler Karneval.<\/span><span class=\"C-4\">\u00a0<\/span><\/p>\n<p class=\"Normal P-3\"><span class=\"C-4\">Refrain:<br \/>\nJo mer sin die L\u00f6stije, l\u00f6stije &#8230;&#8230;..(2x)<\/span><\/p>\n<p class=\"Normal P-3\"><span class=\"C-4\">\u00a9 by Nobby 1987 (Norbert Bins)<\/span><\/p>\n<!--[if lt IE 9]><script>document.createElement('audio');<\/script><![endif]-->\n<audio class=\"wp-audio-shortcode\" id=\"audio-138-1\" preload=\"none\" style=\"width: 100%;\" controls=\"controls\"><source type=\"audio\/mpeg\" src=\"http:\/\/blog.loestije-donswieler.de\/wp-content\/uploads\/2016\/05\/KGLied.mp3?_=1\" \/><a href=\"http:\/\/blog.loestije-donswieler.de\/wp-content\/uploads\/2016\/05\/KGLied.mp3\">http:\/\/blog.loestije-donswieler.de\/wp-content\/uploads\/2016\/05\/KGLied.mp3<\/a><\/audio>\n<p class=\"Normal P-3\">\n","protected":false},"excerpt":{"rendered":"<p>Et jitt noch L\u00fcck die wesse net, dat man och laache kann, die Minsche sin dat saach ich deer, doch janz bestemmp \u00e4rm dran; un wenn se alt un waggelisch sin, dann es et mehschtens zo sp\u00e4t, dr\u00f6m fange mer <a class=\"more-link\" href=\"http:\/\/blog.loestije-donswieler.de\/?page_id=138\"><span class=\"screen-reader-text\">  Vereinslied<\/span> weiterlesen<span class=\"meta-nav\">&rarr;<\/span><\/a><\/p>\n","protected":false},"author":1,"featured_media":0,"parent":19,"menu_order":0,"comment_status":"closed","ping_status":"closed","template":"","meta":{"footnotes":""},"jetpack_sharing_enabled":true,"_links":{"self":[{"href":"http:\/\/blog.loestije-donswieler.de\/index.php?rest_route=\/wp\/v2\/pages\/138"}],"collection":[{"href":"http:\/\/blog.loestije-donswieler.de\/index.php?rest_route=\/wp\/v2\/pages"}],"about":[{"href":"http:\/\/blog.loestije-donswieler.de\/index.php?rest_route=\/wp\/v2\/types\/page"}],"author":[{"embeddable":true,"href":"http:\/\/blog.loestije-donswieler.de\/index.php?rest_route=\/wp\/v2\/users\/1"}],"replies":[{"embeddable":true,"href":"http:\/\/blog.loestije-donswieler.de\/index.php?rest_route=%2Fwp%2Fv2%2Fcomments&post=138"}],"version-history":[{"count":4,"href":"http:\/\/blog.loestije-donswieler.de\/index.php?rest_route=\/wp\/v2\/pages\/138\/revisions"}],"predecessor-version":[{"id":1153,"href":"http:\/\/blog.loestije-donswieler.de\/index.php?rest_route=\/wp\/v2\/pages\/138\/revisions\/1153"}],"up":[{"embeddable":true,"href":"http:\/\/blog.loestije-donswieler.de\/index.php?rest_route=\/wp\/v2\/pages\/19"}],"wp:attachment":[{"href":"http:\/\/blog.loestije-donswieler.de\/index.php?rest_route=%2Fwp%2Fv2%2Fmedia&parent=138"}],"curies":[{"name":"wp","href":"https:\/\/api.w.org\/{rel}","templated":true}]}}